**2 - 13*g. Let q = 75 + -83. Let i be y(q). Suppose o + 127 + i = 4*f, f - 29 = -4*o. What is the greatest common factor of f and 41?
41
Suppose -5*f + z = -2722, -5*z - 349 = 3*f - 1999. What is the greatest common divisor of f and 872?
109
Let s be ((-15)/(-5))/(2*(-9)/(-12)). Suppose 2*c + 6 - s = 0. Let n be ((-15)/c - 1)*(-9 + 13). What is the highest common divisor of n and 52?
26
Let a(t) = 14*t - 64. Let s be a(6). Suppose -2*k + 26 = -s. Calculate the greatest common divisor of 161 and k.
23
Let r be 4/(-3)*(-1410)/40. Let d = 98 + -4. What is the highest common factor of r and d?
47
Suppose -38*o = -18*o + 15*o - 199815. Calculate the highest common divisor of 55 and o.
11
Let a = -6942 - -6947. What is the highest common divisor of a and 6075?
5
Suppose 0 = -16*p - 10*p + 2496. Suppose 97*m - 93 = p*m. What is the highest common factor of 31 and m?
31
Suppose 0 = -10*i + 1352 + 2678. Suppose 11*h - 77 = 66. Calculate the highest common factor of h and i.
13
Let a = 10952 - 10942. What is the greatest common divisor of a and 8090?
10
Let c(v) = v**2 + v - 21. Let b be c(-8). Suppose 3*m + 2*g = -b + 171, -4*m = -g - 196. Calculate the highest common factor of m and 72.
24
Let b(n) = -1538*n - 1308. Let m be b(-3). What is the highest common factor of m and 1218?
174
Let v(n) = 60*n - 86 - 33 - 4. Let h be v(8). Calculate the greatest common factor of h and 102.
51
Suppose -98 = 2*y + 5*j - 116, -3*y = 3*j - 63. Calculate the highest common divisor of 580 and y.
29
Let l = 24666 - 24591. Let y(z) = z**2 + 5*z - 6. Let j be y(4). Calculate the greatest common divisor of j and l.
15
Suppose 59*l + 39*l = 124*l - 27144. Calculate the highest common divisor of l and 5684.
116
Suppose 24 + 0 = 6*v. Suppose -v*j + 0*d = -2*d + 602, 2*d = j + 155. Let c = j - -264. Calculate the highest common divisor of c and 46.
23
Let a be (-6)/57 + (1158724/(-38))/(-7). Calculate the highest common divisor of 9 and a.
9
Suppose u - 5*h - 166 = 328, -5*h = 3*u - 1582. Let t = u + -288. Calculate the highest common divisor of t and 63.
21
Let x be ((-6694)/(-16))/(10/160). Calculate the highest common factor of x and 2.
2
Suppose -350 = -8*y + y. Let s = -15 + y. Suppose 3*d + s = 98. Calculate the highest common factor of 14 and d.
7
Let m = -85 + 87. Suppose m*y = 4 - 10. Let f be (-1)/y + 0 + 56/12. What is the highest common divisor of f and 5?
5
Let z = 220 + -216. Suppose -560 = -5*d - 3*l, -z*l = 4*d - d - 336. Let b = 306 + -26. Calculate the highest common factor of d and b.
56
Let i(z) = -z**2 - 4*z + 1. Let w be i(-6). Let c(j) = j**2 - 11 + 9*j - 11 + 8. Let o be c(w). Calculate the highest common divisor of 4 and o.
4
Let t be (0 - (1 + 2))/(-3). Let k = -12 + 16. Suppose 12*c - k = 8*c. What is the highest common factor of c and t?
1
Let u be 1 + 2545/9 - (-58)/261. Let m(a) = -26*a + 1319. Let l be m(48). What is the highest common divisor of u and l?
71
Suppose 47*i = 49994 + 82640. What is the greatest common divisor of 17 and i?
17
Suppose -369*b = -319*b + 9000. Let h = 545 + -233. Let j = h + b. Calculate the greatest common divisor of j and 12.
12
Let c = -54 + 34. Let u be 16/(12/c + 19/15). Calculate the greatest common factor of 40 and u.
8
Let a be (837/(-6))/(-3) - (-165)/(-110). What is the highest common divisor of a and 171?
9
Suppose -5*r + 6*r - 5 = 0. Suppose -2*y = 2, -t + 2*t = -r*y + 59. Suppose -q - 32 = -t. Calculate the greatest common factor of 128 and q.
32
Let n(l) = 147*l - 395. Let f be n(17). What is the highest common factor of 4 and f?
4
Let l(b) = 2*b**3 - 33*b**2 - 19*b - 37. Let r be l(17). Let k = r - -151. Calculate the greatest common factor of 140 and k.
20
Let f(u) = -u**2 + 2*u + 301. Let n be f(0). Let v = n + -235. Let z = -2 - -46. What is the greatest common divisor of z and v?
22
Let b = 169 - 71. Suppose -k + 140 = b. Suppose -k = -3*j + 2*j + 4*r, 5*j = r + 248. What is the greatest common divisor of j and 75?
25
Let n be ((-100)/(-7))/((-22)/(-77)). Suppose -12*m = -17*m + n. Suppose 11 = -2*k - 5*h, 4*h + 0 = -k - m. Calculate the greatest common factor of 18 and k.
2
Let r be 1380/9*(30 - 24). What is the greatest common divisor of 253 and r?
23
Suppose 0*b + 30480 = 6*b + 5*t, 5*t = b - 5115. What is the greatest common factor of 45 and b?
45
Let k(s) = -s**3 + 31*s**2 - 34*s - 24. Let y be k(29). Let q = 783 + -777. Calculate the highest common divisor of y and q.
6
Suppose 0 = -3*l + 3, -3*j - j + 3165 = l. Let y = j + -608. Calculate the greatest common divisor of y and 427.
61
Let j(l) = -111*l - 809. Let i be j(-15). Calculate the highest common divisor of 32 and i.
8
Let p = 768 - 534. Suppose 9*n - p - 9 = 0. Calculate the highest common factor of n and 81.
27
Suppose -15*x - 496 = x. Let a be (1/(-2))/(x/1116). Let o(w) = -w**3 - 9*w**2 - 2*w. Let z be o(-9). What is the highest common divisor of z and a?
18
Suppose -4*p + 46 = -16*y + 13*y, -24 = -2*p + 2*y. Let m be p/(-6)*(-27)/5. Calculate the highest common factor of m and 180.
9
Let m = 20281 - 20200. What is the highest common factor of m and 6264?
27
Let i(w) = 390*w + 3698. Let t be i(-9). What is the highest common factor of 8 and t?
4
Let c(z) = 5*z**2 + 62*z + 6893. Let b be c(0). What is the greatest common factor of b and 183?
61
Let j be 694/1 - (4 + -3) - -7. What is the highest common divisor of j and 28?
28
Let q be 1 + 24 - (-3850)/275. Calculate the highest common factor of 16809 and q.
39
Suppose 4*o = -2*h - o + 186, -5*h = -2*o - 465. Let r = h + -92. Let b(y) = -y**2 + 5*y. Let x be b(4). Calculate the highest common factor of x and r.
1
Suppose -q - 2 = b - 0*q, 5*q - 22 = 3*b. Let w be (b + (-8)/(-3))/((-4)/114). Suppose 9*j = 3*j + 456. Calculate the greatest common divisor of j and w.
38
Suppose -189034*c = -189033*c - 264. Calculate the highest common divisor of 220 and c.
44
Suppose 0 = -3*p + 2*u + 492 + 1298, -5*p = 3*u - 3015. What is the highest common divisor of 24 and p?
24
Suppose 34*u = -i + 29*u + 7, i = -4*u + 8. What is the greatest common divisor of 4548 and i?
12
Suppose 25 + 405 = 10*f. Suppose -46*c + 36 = -f*c. Calculate the highest common divisor of 24 and c.
12
Suppose -2*k - 2*k = 444. Let h = -105 - k. Let o be (2 - 7)*1/((-1)/h). What is the highest common divisor of 15 and o?
15
Let h = -13 - -14. Let x(t) = -9*t + 224. Let a be x(23). Calculate the highest common factor of h and a.
1
Suppose -3128 = -23*b + 5*b + 202. What is the highest common divisor of 592 and b?
37
Let y be (-1 + 3)/(14/6 + -2). Let s be (483 + 0)*-1*(-2)/y. What is the highest common divisor of 23 and s?
23
Suppose 0 = -74*p + 1709 + 437. What is the greatest common divisor of p and 5539?
29
Let q = -35263 - -35821. What is the highest common divisor of q and 434?
62
Let s be 0 - 47*-2 - -2. Let j be 2/42*6 + 81/(-63) + 7. Calculate the highest common divisor of j and s.
6
Let v be (7/((-84)/(-100)))/(5/6). Calculate the greatest common factor of 1350 and v.
10
Let t(l) = 32*l - 12. Let h be t(4). Suppose -118*q + 18 = -h*q. Let v(j) = j**2 - 7*j + 33. Let n be v(15). Calculate the highest common factor of q and n.
9
Suppose -548*m = -563*m + 2385. What is the greatest common divisor of 4346 and m?
53
Suppose 871*p - 874*p + 1290 = 5*m, p = -5*m + 460. Calculate the highest common factor of p and 6474.
83
Let l be (60/4)/5 - (-6 - 184/8). Calculate the highest common divisor of 1028 and l.
4
Suppose 35*o - 4606 = -406. What is the greatest common factor of 3684 and o?
12
Let w be 6205/510 + 10/12. Suppose -3*p = p, 3*p = 3*z + 297. Let r = 5 - z. Calculate the greatest common factor of r and w.
13
Suppose 0 = -58*t + 59*t - 40. Calculate the greatest common divisor of t and 4840.
40
Let h(l) = 2. Let i(y) = -y + 41. Let x(o) = 2*h(o) + i(o). Let u be (-1 + -4)*(-7)/(28/(-12)). Let v be x(u). What is the highest common factor of v and 60?
60
Let o(m) = 293*m**2 - 52*m + 5. Let q be o(2). What is the greatest common factor of q and 74?
37
Suppose 0 = 2*g - 5*x - 96 - 131, -4*g = -5*x - 459. What is the highest common divisor of g and 4?
4
Suppose -2*u = 3*j - 9756, 0*u + 9756 = 3*j + u. What is the greatest common factor of 24 and j?
12
Let h(k) = k**3 + 24*k**2 + 63*k + 1. Let g be h(-3). Let p = 15 - -2.